
What is the value of (-3 - 11) + 11 - (2 - 1)?
-4
What is the value of 4 + 6 + -4 + -8?
-2
Calculate (1 - 4 - (2 - 7)) + -4.
-2
Evaluate -3 - (8 + -4 - 2).
-5
What is the value of -2 + -12 + 16 + (0 - 4)?
-2
What is 4 + (-5 - 0) + -2?
-3
Calculate (0 - -8 - 3) + 1 - 3.
3
8 + -11 - (0 - 1)
-2
6 + 3 + -10 - 1
-2
What is 4 - ((2 + 3 - 10) + 5)?
4
-1 - (5 - (-1 - -6))
-1
Evaluate 2 - 2 - (2 - (-2 - 1)).
-5
What is (0 - 2 - 4) + (0 - -1)?
-5
Evaluate -6 + 1 + 6 + -8.
-7
What is the value of -3 + 2 - (7 + -7)?
-1
Evaluate -1 + -3 + (-1 - (-1 + -2)).
-2
(-17 - -22) + (1 - 1) - 2
3
Evaluate 0 - -3 - (2 + -2).
3
Calculate 6 + (-3 - 0) + -5 - 2.
-4
What is the value of (16 - 17) + 2 + 2?
3
Evaluate (1 - 6 - 3) + (5 - 2).
-5
Evaluate (23 + -15 - 15) + (10 - -2).
5
What is -11 + 6 + 0 + 10?
5
Calculate (20 - 20) + -1 + -3.
-4
-2 + (-5 - -4) - -4
1
What is 0 - 2 - -2 - -5?
5
Evaluate -3 + -5 + 4 - (1 + -4).
-1
Calculate 1 - (6 + -8 + 6) - -11.
8
-1 + 1 + 0 + -2 + 4
2
What is the value of -9 + 5 + 7 + -2 - 5?
-4
Evaluate 6 + (0 - 5 - -4).
5
(0 + -3 - -9) + -4 + 1
3
What is the value of 1 - (0 - (-4 + 1 + 2))?
0
What is the value of 1 + 6 - (-135 + 134)?
8
Calculate -8 + 9 - (3 + -12 + 4).
6
Calculate (11 + 2 - 3) + (2 - 7).
5
Evaluate -4 + -2 + (1 - 10) + 7.
-8
3 + -5 + 0 + 3 + -1
0
-2 - 0 - (10 - (3 + 3))
-6
What is (2 - -3) + 0 + -5?
0
Calculate -107 - -96 - (-5 + 1).
-7
Calculate (-1 - 1 - -1) + 13 + -10.
2
What is 3 + 5 + -6 - 1?
1
2 - -6 - (10 + 4)
-6
6 + -7 + (-3 - -8)
4
What is 2 + -4 + 1 + 4 + -4?
-1
Calculate 1 + -3 - (23 + 0 - 19).
-6
What is (-2 - -10) + (-45 - -42)?
5
What is the value of -21 + 19 + (-1 + 3 - 0)?
0
Calculate (0 - -1) + (-1 - 6) - -4.
-2
What is the value of -3 - (0 + 1 - (0 - -8))?
4
Evaluate -2 - (10 + -8 + -1).
-3
Calculate 1 - (-4 + 4 + -2).
3
Evaluate 8 - 4 - 7 - -4.
1
Evaluate 1 - (8 + 2 + 1 + -6).
-4
What is 4 - (-3 + (1 - 0) + 4)?
2
What is -3 - (-11 - -1) - (4 - 1)?
4
Calculate 1 + -1 + (3 + 0 - 1).
2
Evaluate 4 + -1 + -8 - (-11 + 9).
-3
1 + 4 + -8 - -2
-1
Evaluate (1 - 5 - -10) + (-11 - -9).
4
Evaluate -6 - -2 - (-2 + 2 - 1).
-3
Evaluate -2 + -2 + (-3 - -5).
-2
10 + -2 - (-13 - -20)
1
Calculate 0 - (0 + -4 + 3 - -3).
-2
(5 - 4 - 4) + -1 + 9
5
14 - (4 - -11) - 3
-4
What is 5 - (5 + (3 - 6))?
3
0 + (3 - (9 - 6 - -5))
-5
What is the value of 157 - 167 - (-8 + 1)?
-3
0 - (-4 + 0 - -7 - 0)
-3
What is 4 - (-1 - -3 - (-13 - -13))?
2
What is the value of -1 + (4 + -1 - 1)?
1
Evaluate 0 - 5 - (-7 + 0).
2
(15 - 0 - 8 - 10) + -5
-8
(-1 - (1 + -1)) + 20 + -25
-6
Evaluate 2 - (-7 - -5 - 0).
4
1 - 5 - -3 - 1
-2
What is the value of (9 + 4 - 16) + 6?
3
What is the value of -12 + -2 + 6 + 0 - -3?
-5
What is -2 + (0 - -2) + (-43 - -43)?
0
What is the value of 0 + (16 - 20) - (1 + -8)?
3
What is (11 + 0 - 11) + 2?
2
Evaluate -2 - 0 - (-7 + 10).
-5
Calculate -1 - (0 - (1 - 3)).
-3
Calculate (0 - 3) + 8 + 0.
5
Evaluate 0 + -9 + 19 + (-1 - 4).
5
Evaluate 1 - (-3 + -1) - (-110 + 114).
1
What is the value of -1 + -5 - (6 - 8)?
-4
-2 - (2 + -3 + -1 + 1)
-1
2 - 4 - -2 - (93 - 86)
-7
Calculate 0 + (-3 - -6) + (-7 - 1).
-5
Calculate (8 - 11) + 2 + 0 + 1.
0
What is -2 + (9 - 11) + 1 + 1?
-2
What is the value of 1 + (5 - 7 - 6)?
-7
What is -3 + -5 + 3 + (1 - -2)?
-2
Calculate -4 + (0 - 6 - -1) + 6.
-3
What is 0 + 1 + 1 - 3?
-1
Evaluate (-3 - (0 - (-3 - -2))) + -3.
-7
Evaluate -3 + (1 - 0) + 13 + -7.
4
27 + -25 + (1 - 4) + 3
2
Evaluate -3 - (2 + -5 + -1).
1
Calculate -18 + 13 + 4 + -1.
-2
What is the value of (4 - (1 - -1)) + 2 + -1?
3
What is the value of (16 - 14) + 4 + -10?
-4
Evaluate (1 - 2 - (-2 + -3)) + -4.
0
Calculate (-4 - (17 + -13)) + 18.
10
What is (0 - 2) + 6 - (67 + -57)?
-6
What is the value of -7 - (-15 + 5) - (1 + 2)?
0
What is -1 + 0 - (-2 + 4 + 1)?
-4
Evaluate -1 - 6 - (38 + -37).
-8
What is (1 - 10) + 3 - (5 - 9)?
-2
What is the value of -1 + -1 + 2 + -4 + 3?
-1
Evaluate (2 - 1) + (-1 - 0) + 0.
0
What is 6 + -7 - (7 + -1 - 3)?
-4
Calculate -8 + 10 + -1 + -1 + 1.
1
Calculate -2 + (-2 + (-4 - 1) - -7).
-2
-1 + 2 - (28 + -30)
3
Evaluate -12 + 4 + 3 + 1.
-4
What is (21 - 34) + (10 - -2)?
-1
What is -3 - (-2 + (-4 - -5))?
-2
What is 1 - -2 - (-1 - -1)?
3
Evaluate -19 - -12 - -22 - 6.
9
What is -2 - -4 - 6 - (0 - 2)?
-2
Evaluate (-1 - (2 - -2)) + 9.
4
Calculate (-11 - -6) + 4 - (-2 - -5).
-4
What is the value of -10 + -3 + 6 + 0?
-7
Evaluate -6 - (0 - 14) - 2.
6
What is the value of -2 - (0 + -1 + -2 + 6)?
-5
What is the value of 5 + -3 + 2 - 4?
0
Calculate 2 + 2 - (11 - 7).
0
Calculate -2 + -4 + -4 + 10.
0
10 + -12 + 2 + 3
3
Calculate (-1 - 1 - -5) + -3.
0
Evaluate 2 + (-3 - 6) - -6.
-1
What is (-1 + (1 - 3) - 1) + 4?
0
Evaluate 5 + 0 + -6 - -5.
4
Evaluate 2 + (1 - 4) - (-58 + 57).
0
What is the value of 0 + 7 + -87 + 82?
2
Calculate 4 - (-3 + -5 + 8 + 8).
-4
What is the value of 5 - -1 - 4 - 2?
0
Evaluate (1 - 11) + 7 - -8.
5
Evaluate -10 + -13 + 11 + 13.
1
(11 - 22) + 11 + (2 - -5)
7
Evaluate 4 + 1 - ((0 - -2) + 0).
3
-2 + (-1 - 1) - -2
-2
Evaluate -1 + 1 - -2 - (-22 + 29).
-5
Evaluate (-14 - -3) + 18 - 0.
7
Evaluate (23 - (4 - -2)) + -9.
8
(3 - (5 - 2)) + 0 + -2
-2
Evaluate -1 + -4 + (5 - 0).
0
Calculate -2 + (0 - (-2 + 4)) + -1.
-5
Calculate (-6 - -17 - 4 - 0) + -11.
-4
What is 3 + (-6 - -3 - 1)?
-1
10 + -3 + (-2 - 4)
1
-11 - (-11 + 7 + -7)
0
9 - (-7 + 25) - -13
4
What is the value of -7 - (-7 + 8 - (11 + 5))?
8
What is -8 + (16 - 1 - (-42 - -48))?
1
What is the value of -2 + 8 + (-104 - -102)?
4
What is 2 + 9 - (60 + -50)?
1
-1 + -10 - -10 - 4
-5
Calculate -1 + (-10 - (0 - 6)).
-5
5 + -9 + (11 - 3)
4
What is the value of (-1 - 11) + 18 + (0 - 2)?
4
What is the value of 3 + ((-3 - 2) + 4 - -4)?
6
Calculate 14 + -12 - (1 - 2).
3
Calculate -3 + 2 + -2 + (-17 - -18).
-2
Calculate 6 - (-7 + 7 + 5).
1
Calculate 7 - (-6 + (-5 - -10) + 16).
-8
-10 + (9 - 18 - -13)
-6
What is the value of -20 - (-8 - 3) - -3?
-6
Calculate -9 + 3 - (1 + -4).
-3
What is the value of 4 + 3 + 2 + -15?
-6
(1 - -2) + -4 + (-3 - -4)
0
Calculate -4 + 2 + (-12 - -11) - -5.
2
What is the value of 4 + (-9 - -4) - (-3 + -2)?
4
What is the value of -1 + 6 + -117 + 111?
-1
Calculate 7 + 0 - (-57 - -72).
-8
What is the value of 1 + -1 - (17 - 19)?
2
Evaluate 6 + (-2 - (2 - 0)).
2
What is (3 - (7 + -8)) + -3 + 0?
1
-5 + (-1 - (-1 + -3 - -2))
-4
Calculate 9 + -2 + 1 + -6 + 5.
7
-7 + -7 + -8 + 17
-5
Evaluate -9 - ((-9 - -6) + -9).
3
Calculate 12 - 10 - (1 - (-3 - -2)).
0
(2 - 10) + 3 - (5 + -6)
-4
4 + -5 + 4 - -3
6
What is 0 + 3 + -2 + (-1 - 3)?
-3
What is (3 - (0 - -1) - 2) + -3?
-3
Evaluate 1 - (-3 + 2 + -1).
3
What is the value of -2 + (-5 + 6 - 4)?
-5
What is the value of (6 - 3) + -3 + -2 + -3?
-5
What is 6 - ((-1 - -5) + -7)?
9
What is the value of -6 + (20 - 6) - 6 - 8?
-6
-1 - (6 + (-11 - 4))
8
What is 3 + (-4 - (0 - 4) - -2)?
5
Evaluate 16 + -1 - (249 + -239).
5
Calculate (-3 - 1) + (9 - 6).
-1
Evaluate 2 - (6 + (-2 - 3) + 1).
0
Evaluate 11 - 2 - 4 - 0.
5
Calculate (-32 + 31 - (-6 + -1)) + -11.
-5
Evaluate 10 + -5 + -1 + -1 + 0.
3
What is the value of 5 - 11 - 0 - -6?
0
18 - 20 - (-2 - 6)
6
What is 1 - -2 - (21 + -21)?
3
What is the value of 0 - (-3 + 3 - 4 - -5)?
-1
What is -6 - 0 - (-1 + 3 + -1)?
-7
What is the value of 8 + -8 + (0 - -6)?
6
What is the value of (-13 - -14) + 1 + 1?
3
Evaluate -3 - -1 - (-5 + -2).
5
Evaluate -1 - (-1 + 2) - (5 - 4).
-3
Calculate 0 + -5 + 3 - -6.
4
Calculate -4 + 1 + 6 - 6.
-3
Calculate 6 + -6 + -5 + (-6 - -4).
-7
What is -1 + (-4 - -2) + 8?
5
Calculate (-4 - -7) + -5 + 5.
3
Evaluate 0 + 7 + (7 - (4 + 5)).
5
8 + 0 + (-8 - -24) + -16
8
Calculate -3 + (-3 - -4) + 3.
1
Calculate 6 + (-1 - 7 - -4).
2
(3 - 7) + 2 + -1 + 2
-1
Evaluate -6 + -1 + 9 + 3.
5
3 - (7 + -9 + 7)
-2
Calculate (-3 - (-5 - -1)) + 3.
4
Evaluate -2 + (5 - (0 - -7)) - -4.
0
6 - (-3 + 6 - (-2 - 1))
0
What is (-11 + -12 - -12) + 17?
6
What is -1 + (-2 + 8 - (5 + -2))?
2
Calculate 4 - (-1 + 3 + -3 + 1).
4
Calculate (0 + -11 - (-3 + -2)) + 1.
-5
Evaluate 9 - 9 - 4 - -12.
8
What is the value of 7 + (-3 - (-4 + -3 + 7))?
4
((1 - -8) + -1 - 4) + 6
10
Calculate 6 - (-5 + (7 - -3)).
1
-5 + (3 - (1 + 0))
-3
Evaluate 7 - (-4 - (-4 + -3 + 1)).
5
Evaluate 3 - ((3 - (2 - -2)) + 1).
3
Calculate -6 + (1 - 1) + -2.
-8
Evaluate 3 + (1 - 4) + -2.
-2
Calculate 10 + -24 - -5 - -13.
